et t be m(2). Let u = t + 246. Calculate the greatest common factor of g and u.
38
Let a = -4 - -8. Suppose a*t = -s - 8, s + 2*t - 6 = -2*s. Suppose 30*q = 421 + 203 + 216. What is the greatest common factor of s and q?
4
Suppose 0 = -7*c + 4*c + 4*t - 56, c = 3*t - 22. Let s(a) = 2 - a + 3 + 3 - 2. Let x be s(c). Calculate the greatest common factor of x and 121.
11
Let q(p) be the second derivative of 17*p**4/12 - 5*p**3/3 + 21*p**2/2 - p - 116. Let z be q(7). Calculate the greatest common divisor of 8 and z.
8
Let b(o) = 10*o + 2. Let s be b(3). Suppose -3*a = -d - 80, -56 = -3*a + 5*d + s. Let u = -62074 - -62087. What is the greatest common divisor of u and a?
13
Suppose 13*g - 5*g - 56 = 0. Suppose 0 = -g*n + 228 + 52. Let s(y) = 3*y - 10. Let v be s(10). Calculate the greatest common factor of v and n.
20
Let c be 6/(-18) + -1*(-184)/3. Suppose -55*k = -c*k + 24. Suppose -k*g = -3*r - 17, 4*g + 12 - 54 = -2*r. Calculate the greatest common divisor of 16 and g.
8
Let c(y) = -3*y - 4. Let d be c(-6). Let t(o) be the first derivative of o**2 + 12*o - 341. Let k be t(1). Calculate the highest common factor of d and k.
14
Let t(o) = -8*o + 3. Let g be t(-3). Let k = 155211 - 155166. What is the greatest common divisor of k and g?
9
Let k be ((-1458)/63)/(1/(-7)). Let h = 370 - k. Let z = 0 - -16. What is the greatest common divisor of z and h?
16
Suppose a - 42 = -5*z, -4*z - 2*a + 42 = 3*a. Suppose 2*w = -x + 4 + 1, 8 = -2*w. Suppose 4*n - 19 - x = 0. What is the greatest common divisor of n and z?
8
Suppose -11*j + 18*j = 378. Suppose -3*o + 0*x + 1302 = 2*x, -10*o + 3*x = -4311. What is the highest common factor of o and j?
54
Let m be 6*16*50/40. Suppose -16*j + 10*j + m = 0. What is the highest common factor of j and 90?
10
Suppose 1 = -u - 4*t + 9*t, -2*u + 31 = t. Let r be 276 + -5 + (-30)/6. Calculate the highest common factor of r and u.
14
Suppose 2*b = 0, 3*i + 75 - 181 - 713 = 2*b. Calculate the greatest common divisor of 399 and i.
21
Suppose -3*n = b - 51, -389*n + 394*n = 5*b + 125. Let t = -8 - -27. What is the highest common divisor of t and n?
19
Suppose 7*v + 4576 = 4618. Let b be 2 + (1/1 - 0). Calculate the greatest common factor of b and v.
3
Let s(r) = 2*r**2 - 2*r - 108. Let b be s(-9). What is the greatest common divisor of b and 168?
24
Suppose 5*b = 3*a + 71, 14 = 2*b - 5*a - 3. Suppose 0 = -5*d + 24 + b. Calculate the greatest common divisor of 16 and d.
8
Let k be (-2216)/6*-7*(-240)/(-224). Calculate the greatest common divisor of 20 and k.
10
Let x(p) = -6*p - 9. Let k be x(-5). Let i(y) = y**3 + 5*y**2 - 9*y - 5. Let c be i(-5). Let o = c + -26. What is the highest common divisor of k and o?
7
Suppose n = -4*n - 280. Let g = 57 + n. Let o be (-6 - -12) + 1/g. What is the highest common divisor of o and 7?
7
Let a = 14 - 14. Let n be -10 + -1 + (4 - a). Let q be ((-19)/4)/(n + (-81)/(-12)). Calculate the greatest common divisor of q and 76.
19
Let l(c) = -436*c - 4055. Let s be l(-12). What is the highest common factor of s and 5243?
107
Let y(a) = 50*a + 10. Let j be y(6). Suppose -5*v = 5*k - j, -156 = -3*v + k + 2*k. Let r = -22 + v. Calculate the highest common divisor of 7 and r.
7
Let t(h) = 55*h + 174. Let c be t(-1). Calculate the greatest common divisor of c and 224.
7
Suppose 3*a + 12 = 6*a. Let u(g) = -2*g**2 + g + 12. Let b be u(a). Let o = b + 81. What is the highest common factor of o and 5?
5
Let c = 70 - 148. Let r be (-12)/c + 76/13. Let v = r - 4. What is the highest common factor of v and 2?
2
Let i = -25 - -29. Let t be (i/5 - 0)/((-22)/275). Let a be (4/t)/((-5)/200). Calculate the greatest common factor of 128 and a.
16
Let g = -8 - -11. Suppose -12*s - 154 = -14*s. Suppose -3*u + 4*z + s = 0, 37 = 2*u - g*z - 14. Calculate the greatest common divisor of 3 and u.
3
Suppose 4 = -y, y = i - 51 - 5. Suppose -2*v + x = -49, 3*v + 12*x - 11*x - 81 = 0. What is the greatest common factor of i and v?
26
Let g(v) = 3*v**2 + 120*v + 6. Let k be g(-40). Suppose -9*x = -k*x + 5*m - 194, -4*x = 5*m - 262. Calculate the highest common factor of 136 and x.
68
Let p(k) = k**3 + 18*k**2 + 52*k - 155. Let a be p(-13). Let m be 32/6 + (-2)/(-3). Calculate the greatest common factor of a and m.
2
Let p(s) = 13*s**3 - 8*s**2 + 3*s - 2. Let w be p(3). Calculate the greatest common factor of 2145 and w.
143
Suppose -3*s + 4 = 2*v - 4*s, s - 5 = -v. Let r be (v - -16) + 3*(-12)/(-18). What is the greatest common factor of 63 and r?
21
Suppose -b - 3*v - 25 = 0, -b - 2*v - 5 - 15 = 0. Let d = b + 64. What is the highest common factor of 594 and d?
54
Let r(o) = 9823*o**2 + 87*o + 87. Let d be r(-1). Calculate the highest common divisor of 627 and d.
209
Let k(c) = -c**3 + 60*c**2 + 510*c - 2. Let a be k(-8). What is the highest common divisor of 1566 and a?
54
Suppose 0 = -0*t + 5*t + 2*m - 26, 2*t + 4*m - 20 = 0. Suppose -t*o = -2*d - 16, 5*o - 9*d = -14*d + 20. What is the highest common divisor of o and 34?
2
Suppose -4*x + 266 = 5*l + 3896, -2178 = 3*l - 2*x. Let u = l + 766. Calculate the greatest common divisor of 56 and u.
8
Suppose -9*j = -19 + 1. Let c(m) = 8*m**2 + 3 + 3*m**j - 9*m**2 + 4*m + 0. Let q be c(-2). What is the greatest common factor of 3 and q?
3
Let c be (260/455)/((-4)/(-742)). What is the highest common divisor of 212 and c?
106
Suppose -10*g - 10 = 100. Let a be 1 + 4 + (-2101)/g. What is the highest common divisor of 168 and a?
28
Let i be 0 - -4 - (-18 + 17). Suppose 0 = -i*h + 217 + 83. Let t = -252 - -282. What is the highest common divisor of t and h?
30
Let m(t) = 23*t**3 - 4*t**2 + 6*t - 8. Let f be m(2). Let j = 187 - f. Calculate the highest common factor of 135 and j.
15
Suppose 4*g - 281 + 301 = 0. Let v be (-3)/(-2)*g*560/(-12). What is the highest common factor of 50 and v?
50
Suppose 30 + 21 = 98*w - 47. Let x = 4 + -2. Suppose -s = 3*o - 14, -23 = -3*o + x*o - 4*s. What is the highest common factor of o and w?
1
Let o be 342/18*(3 + 0/6). Calculate the highest common factor of 5206 and o.
19
Let y be -2 + 1 + (22 - (-13 + (20 - 7))). Calculate the greatest common factor of 7329 and y.
21
Suppose 0 = -j - 4*c + 35, -5*j = 2*c + 3*c - 100. Suppose -3*u = -j*u + 3456. Calculate the greatest common divisor of 32 and u.
32
Let f(j) = -387*j + 105. Let i be f(-3). Calculate the highest common divisor of 6 and i.
6
Suppose 42*f + 18 = 45*f. Suppose -f*o = -314 - 730. What is the greatest common factor of o and 290?
58
Let k = 367 + -358. Suppose -3*d = -336 - k. Let y = -12 + 58. Calculate the greatest common divisor of d and y.
23
Suppose -1428 = 2*l - 1434. Suppose 3*z + 71 = 5*x, -x - l*z = -2*z - 19. Suppose -4*p + 320 = -0*p. Calculate the greatest common factor of p and x.
16
Suppose 762 = 4*c + f, 0 = -2*c + 7*c - f - 939. What is the greatest common divisor of 336 and c?
21
Suppose 196*s = 199*s - 621. Suppose 116 - 1082 = -7*d. Calculate the highest common factor of s and d.
69
Let g(n) = 3*n + 4. Let y be g(0). Suppose -68 + 32 = -y*q. Suppose v + 32 = z + 6, -2*z + 4*v + 50 = 0. What is the greatest common factor of q and z?
9
Let f = 6622 - 6388. Let g(s) = -6*s + 390. Let h be g(0). What is the highest common divisor of h and f?
78
Suppose 2*b - 10 - 18 = 0. Let v be -1 + 157 + (-392)/56. Suppose 5*i = -v + 429. Calculate the greatest common divisor of i and b.
14
Suppose 18*r = -r. Let a be (5 + r)*(-7 + (-77)/(-5)). What is the greatest common divisor of 7 and a?
7
Suppose -947*i = -967*i + 4267 + 493. Calculate the greatest common divisor of i and 221.
17
Suppose 35*g - 36*g + 65 = q, -210 = -3*g + 2*q. Suppose -4*j + 812 = -72. What is the highest common divisor of g and j?
17
Let h = 6 - 3. Suppose 3*o + 12*o = 0. Let l(i) = -3*i**2 - 2*i + 48. Let y be l(o). Calculate the highest common factor of h and y.
3
Let n = 681 + -462. Suppose -92 = -r - m - 23, -m - n = -3*r. What is the highest common factor of r and 16?
8
Let b be 33*(9/27 - 0/2). Calculate the greatest common divisor of b and 1111.
11
Let x be 1/(((-6)/75)/((-32)/20)). What is the greatest common factor of 6 and x?
2
Let q = 97 + -16. Suppose -4*o + 15 = o, -q = -2*l + 5*o. What is the highest common factor of l and 112?
16
Let k(y) = 24*y**2 - 21*y + 5. Let i be k(15). Suppose 24*q = i + 130